visor of t and 4?
4
Let w = -3217 + 3221. Suppose j = 5*j - 40. What is the greatest common factor of w and j?
2
Let c(v) = -9*v - 11. Let h be c(-2). Suppose -h*x + 124 = -5*x. What is the highest common divisor of 155 and x?
31
Let f = -26 + 27. Suppose 4*l + d + 3 - 8 = 0, 2*l = 5*d - 3. What is the highest common divisor of f and l?
1
Let f be -8 - (-1 + 3 + -4). Let d be (-6)/((-4)/2*f/(-16)). What is the greatest common factor of d and 88?
8
Suppose 0 = 3*r - 9 - 21. Suppose -5*d - 3*f = 2, 2*d + 4 = -f + 3*f. Let s be d - 44/12*-3. Calculate the highest common divisor of r and s.
10
Let z = -1197 + 575. Let i be (z/(-10) - 7)/(2/10). Calculate the highest common factor of 12 and i.
12
Suppose d = i - 345, 3*d + 355 = -i + 2*i. Suppose -i = -4*m - m. Let s be 14/35 - m/(-5). Calculate the highest common divisor of s and 70.
14
Suppose 32*h = 29*h - 3. Let c(n) = -199*n - 4. Let p be c(h). Calculate the highest common divisor of p and 39.
39
Let v be 45 - (1 + -1 + 3). Let n = -13 + 41. Calculate the highest common divisor of n and v.
14
Let n(y) = -y**2 - 11*y - 16. Let s(u) = 7*u + 23. Let d be s(-4). Let a be n(d). Calculate the highest common factor of a and 112.
14
Let x = 133 - 118. Calculate the greatest common divisor of x and 180.
15
Suppose 3 = 3*n - 6*n. Let p be ((-32)/2 - -1)/n. Let u = 21 + p. Calculate the greatest common divisor of u and 12.
12
Let v(x) be the third derivative of 11*x**4/24 - x**3/6 + x**2. Let w be v(2). Let o be 2/(-5) - (-844)/10. Calculate the highest common factor of w and o.
21
Suppose 0 = -2*d - 103 + 41. Let r = 67 + d. Let i = 27 - 23. Calculate the greatest common divisor of r and i.
4
Suppose 4*y = 2*h - 644, 4*h = 4*y + 102 + 546. Let a(b) = -b**2 - 6*b - 15. Let k be a(-6). Let r be 3/(k/y*4). What is the highest common factor of r and 4?
4
Suppose 20 = 4*r + r. Suppose -4*o + 69 = -0*u + 3*u, 5*o - 87 = -r*u. Let n = 2 + 163. Calculate the greatest common factor of o and n.
15
Let b be 28/(3 - (5 - 4)). Suppose -b*x + 1188 = -8*x. Calculate the greatest common factor of 18 and x.
18
Suppose 4*a - 228 = -15*a. Calculate the highest common divisor of 10 and a.
2
Let t(k) = -k**2 - 6*k - 2. Let j be t(-3). Let d = 146 + -83. What is the highest common factor of d and j?
7
Let k = -204 + 209. What is the greatest common divisor of k and 5?
5
Let t(y) = y**2 + 17*y + 26. Let s be t(-12). Let b be (s/(-6))/((-3)/(-9)). What is the greatest common factor of b and 153?
17
Let z(x) = 4*x**2 + 2*x - 1. Let f(o) = -o + 1. Let k be f(0). Let j be z(k). Let y(n) = 2*n + 2. Let v be y(j). What is the greatest common factor of v and 96?
12
Suppose 80 + 80 = 5*b + 5*n, b + 4*n = 32. Let i(o) = 15*o - 42. Let c be i(6). Calculate the greatest common factor of c and b.
16
Suppose -b - 62 = -5*f - 0*b, -4*f - 4*b = -40. Suppose -3*a + f = -153. Calculate the greatest common divisor of 22 and a.
11
Let v be (12/18)/((-4)/42). Let n(w) be the first derivative of w**2/2 + 10*w - 5. Let g be n(v). Calculate the greatest common factor of 15 and g.
3
Suppose y = 2*g - 112, 5*g - 2*y = -6*y + 280. Let z = 63 - g. Let d be 507/9 + 2/(-6). Calculate the highest common factor of d and z.
7
Suppose 3*h = 5*f - 27, 2*h - 4 = -4*f - 0*f. Suppose -f*w + 1 - 4 = 0. Let y be (2 + -1)*(w + 20). Calculate the highest common factor of y and 76.
19
Let q = 605 + 659. Calculate the highest common factor of 79 and q.
79
Let n(p) = -p**3 - 2*p + 9. Let k be n(-4). Let m(q) = 10*q - 101. Let b be m(11). What is the greatest common divisor of k and b?
9
Let q be (2 - 6)*(-6)/12. Suppose q*k = 173 - 63. Calculate the greatest common factor of 5 and k.
5
Let u be ((-15)/(-6))/((-2)/(-4)). Suppose 3*f = 5*q - 6, 3*f + q - u*q = -6. Let z be (12/9)/(f/(-36)). Calculate the greatest common divisor of z and 8.
8
Suppose -39*w - 30 = -37*w. Let t(b) = -3*b - 11. Let s be t(w). Calculate the highest common factor of s and 17.
17
Let o = 110 + -101. What is the greatest common divisor of 153 and o?
9
Let c = 8 - 26. Let i be ((-172)/(-6))/((-3)/c). What is the greatest common divisor of i and 43?
43
Let z = -983 + 1127. Calculate the greatest common factor of 216 and z.
72
Suppose 4*p + 4*z = 260, -p + 4*z + 112 = 22. Calculate the highest common divisor of 28 and p.
14
Let x(d) = 90*d**2 + 34*d - 15. Let h be x(-3). What is the highest common factor of 396 and h?
99
Let c(a) = a**3 + 0*a + 0 - a - 4*a**2 - 4*a + 6. Let p be c(5). Let u be ((-315)/(-10) - 1) + 2/(-4). What is the greatest common divisor of u and p?
6
Let m(q) = -10*q + 580. Let d be m(34). Calculate the highest common factor of 2040 and d.
120
Suppose 16*v - 44 = 12*v. Suppose -126 = -v*h + 5*h. What is the greatest common factor of 49 and h?
7
Let w(u) = 31*u + 143. Let y be w(-4). Calculate the greatest common factor of 513 and y.
19
Let p be ((-3904)/48)/(16/(-12)). What is the greatest common factor of 2 and p?
1
Let v(i) = 9*i - 90. Let x be v(21). Let y(r) = -2*r**3 - 2*r**2. Let k be y(-2). Let c = k - -3. Calculate the greatest common divisor of x and c.
11
Let d be 11*(2 - -8)/(2/1). What is the greatest common divisor of d and 88?
11
Let t(j) = -4*j**2 + 27*j - 9. Let a be t(4). What is the highest common factor of 20 and a?
5
Let i = 637 - 603. Calculate the greatest common factor of i and 136.
34
Let x(t) = -t**3 - 2*t**2 + 18*t - 6. Let a be x(3). What is the greatest common divisor of 48 and a?
3
Let p be 3*116 + (-3 - -11) + -15. What is the highest common factor of p and 99?
11
Let u = -1 - -3. Let a be -4 + u - (1 - 47). Calculate the greatest common divisor of 4 and a.
4
Suppose 2*w - 380 = -4*f - 2*w, -w + 455 = 5*f. What is the greatest common divisor of f and 36?
18
Suppose 0 = 11*f + 85 + 179. Let d = f + 40. Let x = 1 + 1. Calculate the highest common divisor of x and d.
2
Let c(n) = 3*n**2 + 8*n - 5. Let l be c(-6). Suppose -2*w + 7 = -15. What is the highest common divisor of w and l?
11
Let u be -1 - (2 + -2*4). Suppose u = 4*m - 9*m. Let k = m - -2. Calculate the highest common divisor of k and 7.
1
Let c = 35 - -13. Suppose -3*s + 48 = 12. Calculate the highest common divisor of s and c.
12
Suppose -4*s + 54 = -18. Calculate the greatest common factor of s and 234.
18
Let o be 88/(3 - 2 - 2). Let c = 189 + o. Suppose i - c = -a + 2*a, 2*i + 3*a = 197. Calculate the greatest common factor of i and 25.
25
Suppose -30 = -2*c + 10. Calculate the greatest common divisor of 500 and c.
20
Let q = 370 + -314. Suppose -4*r - r + 700 = 0. Calculate the greatest common divisor of r and q.
28
Let d = 106 - 57. Let u be ((-70)/d)/(2/(-14)). What is the highest common factor of u and 80?
10
Suppose -3*x + k + 3*k + 464 = 0, 0 = -2*x + 2*k + 306. Calculate the greatest common factor of 37 and x.
37
Suppose -6*q = 6*q + 36. Let x(r) = 5*r**2 + 8*r + 3. Let g be x(q). Calculate the greatest common factor of g and 120.
24
Let d be 453/27 - 2/(-9). Suppose d*v + 12 = 18*v. Let t be 3/(-18) - 649*(-1)/6. Calculate the greatest common divisor of t and v.
12
Let r(p) = 73*p - 4. Let x be r(1). What is the highest common divisor of 3 and x?
3
Suppose 0 = 19*f - 77 + 39. What is the highest common factor of 184 and f?
2
Let f be 15/3 + 2 - 2. Suppose 3*u + 2*k = -0*k + f, u - 2*k = 15. Suppose -1 = -5*x + 4*l + 17, -4 = -x + l. What is the greatest common divisor of x and u?
1
Let a(b) = -b**3 + 8*b**2 + 9*b + 6. Let r be a(9). Let m(c) = c**2. Let n be m(r). Let t = n + -2. Calculate the greatest common divisor of 85 and t.
17
Let l(a) = -26*a + 96. Let c be l(-4). What is the greatest common factor of 16 and c?
8
Let s(a) = a**3 - 2*a**2 - a + 30. Let w be s(0). Suppose -l - 3*f + w = 0, -5*l - 4*f = -3*f - 192. Calculate the highest common factor of 3 and l.
3
Let o(a) = -a**3 - 8*a**2 - a + 10. Let w be o(-8). What is the greatest common factor of w and 63?
9
Let t be (-1)/(1/1) + 3. Suppose -3*l = -4*v + l + 56, -v + 22 = -5*l. Suppose -3*g + 0 + v = 0. What is the greatest common divisor of g and t?
2
Let o be 1/(-1)*(-3 + 56/(-14)). Let p(x) = 45*x + 1. Let k be p(2). Calculate the highest common divisor of o and k.
7
Suppose -3*l - 30 = -108. Calculate the highest common factor of 442 and l.
26
Suppose -6*r + 19*r - 819 = 0. Let t = -143 - -269. Suppose 5*u + 0